9, 16*j = 13*j + u - 1132. Let h = 105 - j. What is the tens digit of h?
8
Let a(i) = 5*i**3 + 62 + i**2 - 5801*i + 5787*i + 21. What is the units digit of a(6)?
5
Suppose 22*t - 42 = 46. What is the hundreds digit of t/(-22) + 84912/319?
2
Let k be ((-2)/6)/(-5 + 2129/426). Suppose i + 35 = k. Let q = i + 6. What is the tens digit of q?
1
Let c(p) = p - 6. Let y be c(8). Let v(x) = 7*x - x**2 - 1 + 3*x + 0*x**y. What is the tens digit of v(7)?
2
Suppose -x - 74469 - 82890 = -3*h, 157350 = 3*h - 2*x. What is the hundreds digit of h?
4
Let x = -4000 - -9635. What is the units digit of x?
5
Let p(d) = 5*d**2 - 3*d - 5. Let r be p(-3). Let f = 132 - r. Let v = f - 7. What is the units digit of v?
6
Let v(f) be the third derivative of f**5/20 - f**3/6 - 4*f**2. Let x be v(-1). Suppose x*a - 195 = -3*a. What is the tens digit of a?
3
Suppose 6*t - 43*t = 40666 - 138087. What is the hundreds digit of t?
6
Let m be 6/(-14) - (1 + 51/(-21)). Let a = 3 + m. Suppose -37 = -4*s + a*z + 11, -5*z = -3*s + 30. What is the tens digit of s?
1
Let o = 623 + 14628. What is the tens digit of o?
5
Suppose -18*g - 4309 = -23*g + 3*r, 0 = 2*r + 6. What is the units digit of g?
0
Let c = -1669 - -3809. What is the hundreds digit of c?
1
Let c = 221 - 34. Let d(w) = -88 - 85 + c + 65*w. What is the hundreds digit of d(2)?
1
Let d(w) be the third derivative of w**6/120 - w**5/30 - w**4/8 + 209*w**3/6 - 28*w**2. Let i be d(0). Suppose i = 10*v - 361. What is the units digit of v?
7
Suppose 0 = 2*g - 2*b + 4, 2*g - 2 = -0*g - b. Suppose 10*f + g*f = -40. What is the units digit of 65 - f - (0 - -2)?
7
Suppose -17*p - 504 = -41*p. Suppose -3720 = -5*m + p*d - 26*d, 0 = -4*d. What is the hundreds digit of m?
7
Let f = -11247 - -21830. What is the hundreds digit of f?
5
Suppose -41*r - 6389 = -977. Let q = -253 - -498. Let f = r + q. What is the units digit of f?
3
Suppose 43*o - 58 = 14*o. Suppose 0 = 5*f + o*i - 1658, -36*f = -34*f - 2*i - 666. What is the units digit of f?
2
Suppose k - 3*j = -19 + 30, 3*j = 5*k - 31. Suppose 3878 = 4*c - k*w, -6*c + w - 6*w + 5792 = 0. What is the units digit of c?
7
Suppose 11*b - 8250 = b. Suppose 825 = 3*z + 4*v, 3*z = -21*v + 26*v + b. What is the units digit of z?
5
Suppose -5*u + 5111 = 2*q, -5*u - 1366 + 6473 = 4*q. Suppose -2*b + u - 347 = 0. What is the tens digit of b?
3
Let q(w) = 2*w**3 + 18*w**2 + 9. Let o be q(-9). Suppose 0 = u - o + 7. What is the tens digit of 798/4 - ((-12)/8 + u)?
9
Suppose -12*i + 3*i = -405. Let l = i + 63. What is the hundreds digit of l?
1
Let s = 9 + -9. Let v(o) = -o**2 - o + 2. Let m be v(s). Suppose 3*a = -f + 84, -2*f - m*a + 420 = 3*f. What is the units digit of f?
4
Suppose 0 = 31*y - 1503 + 294. What is the units digit of 13/(y/(-12)) - (-14 - 0)?
0
Let d = 159296 - 109466. What is the thousands digit of d?
9
Suppose -2*g + 110 + 1122 = 0. Let j(p) = -118*p - 708. Let b be j(-6). Suppose -n - 5*u = -182, b*n - u = 3*n - g. What is the tens digit of n?
0
Suppose 0 = -107*j - 2760408 + 10316964 + 1382438. What is the tens digit of j?
4
Let g(v) = 9*v**2 + 4*v - 13. Let w be g(7). Suppose -19*y + 16*y = w. Let q = 240 + y. What is the units digit of q?
8
Suppose -3*i - 15 = 6*q - 2*q, -21 = 2*q - 3*i. Let x be (2 - -152) + (-5 - q). Suppose -2*m + 170 = -4*y, -y = -2*m - 0*y + x. What is the units digit of m?
5
Let p(i) = -22*i - 43. Let d be p(21). Let j be ((-8)/(-6))/((-1)/(-3)). What is the units digit of (d/(-4) - 1) + (-1)/j?
5
Let c = 283 + 35. Let j = c - 114. What is the hundreds digit of j?
2
Let b be (2*(2 - -11)*-3)/(-1). What is the tens digit of 3/2*32708/b?
2
Let d be -4 - (-30)/(-12)*4/(-5). What is the tens digit of (-620 + d)*(14/(-4))/7?
1
Let w(o) = -351*o + 36. Let f be w(-8). Suppose -2592 = -6*g + f. What is the units digit of g?
6
Let x be -1 - ((-4)/4 + -211). Let z = x - 144. Suppose h - 4*r = 2*h - 61, 2*h - 3*r - z = 0. What is the tens digit of h?
4
Let l be (-2 - -2) + (-6 - (1 - 14)). Suppose -o = 428 - 2717. Suppose -o + 903 = -l*p. What is the hundreds digit of p?
1
Let i be (0 + 0)*8/(-16). Suppose i = -2*c - 3*c + 30. What is the units digit of 20/(2 - c)*(-131)/5?
1
Suppose -2*c - 2*k + 434 = 0, -2*c - 5*k + 479 = 39. Suppose -c = -2*f + l + 207, -4*f = 2*l - 828. What is the units digit of f?
9
Let q = -344 - -346. Suppose 118 - 24 = s - 5*a, -2*s + q*a = -228. What is the tens digit of s?
1
Let k(r) = 12*r**3 + 8*r**2 - 3*r + 4. What is the units digit of k(7)?
1
Let g(n) = n + 6. Let x(w) = -2*w**2 - 14*w - 4. Let d be x(-8). Let r be d/(-6) + 16/24. What is the tens digit of g(r)?
1
Let x be (-3 - -3)/(5 + -4). Suppose 3*v - 455 = -n - x*n, -3*n + 1349 = 5*v. What is the hundreds digit of n?
4
Let b be (-6 + 6)/(2*-1). Suppose v = -f - 4, b = -v + 6*f - 2*f + 11. What is the hundreds digit of (-7 - -3) + v + 160?
1
Suppose 3*r - 10 = -r + 2*k, -5*k + 7 = -2*r. Suppose r = 4*i, -11*w + 8*w = 3*i - 1290. What is the tens digit of w?
2
Suppose 2*k = -5*t - 2798, 2*t - 44*k + 41*k + 1123 = 0. Let j = 961 + t. What is the units digit of j?
1
Let g(n) = -104*n + 20. Let p be g(-4). Suppose 3*m + 4*l = 58 + 1247, -p = -m - l. What is the hundreds digit of m?
4
Suppose 67*u = -2*h + 66*u + 27361, 4*h - 54723 = -u. What is the tens digit of h?
8
Let x be (-1)/((-7)/28) - (0 + -6). Let y(r) = r**3 - r. Let s be y(-1). Suppose s = 10*t - 8*t - x. What is the units digit of t?
5
Suppose -15*a + 1915 = -635. Let p = -15 + a. What is the units digit of p?
5
What is the tens digit of 29980/42*6 - (-1)/14*2?
8
Let h(z) = -16*z**3 + z**2 + 3*z - 4. Suppose -d + 1 = i, -6 = -2*d + 4*i - 7*i. What is the units digit of h(d)?
8
Suppose 5*q = -2*h + 5*h + 182, -2*q + 3*h + 80 = 0. Suppose 4*p - q = -3*z - 3, -3*p = 3*z - 36. What is the tens digit of z?
1
Let g = -38 + 43. Suppose 0 = -4*y - 2*k + 1348, 363 = -2*y + g*k + 1061. Suppose 5*n - 110 = -2*i + y, n + 2*i - 93 = 0. What is the tens digit of n?
8
Suppose 0 = -h - 5, -5*h + 20047 = -w + 51909. What is the tens digit of w?
3
Suppose 18*o - 167212 = 242252. What is the units digit of o?
8
Let c be 6*(-4)/32 - 2/8. What is the units digit of (0 - 3 - -6) + (466 - c)?
0
What is the thousands digit of (-12)/21 + (-1227006)/(-154)?
7
Suppose 46*v + 5*b - 14675 = 45*v, 4*v - 58795 = -b. What is the thousands digit of v?
4
Let r(k) be the third derivative of -1/24*k**4 + 1/30*k**5 + 25/2*k**3 + 1/120*k**6 + 0 + 0*k + k**2. What is the tens digit of r(0)?
7
Suppose 15 = 5*c - 4*c. Suppose 20 + c = 7*v. Suppose -v*n = q - 447, -n - 4*q = -2*n + 102. What is the tens digit of n?
9
Let a(j) = 40*j + 31. Let c be a(9). Suppose 1543 = z + 3*z - v, -z = -2*v - c. What is the hundreds digit of z?
3
What is the tens digit of (-13826)/(-10)*(78/16 - (-17)/136)?
1
Suppose v = -3*o, -2*o - v = 4*v. Suppose -5*b - 113 = p, b = -o*b + 5*p - 7. Let k = b + 68. What is the tens digit of k?
4
Suppose 4*w - 52 = 5*s, 0 = -2*w + w + 3*s + 6. Suppose -w*l + 15 = -13*l. Suppose l*x = x + 258. What is the tens digit of x?
2
Suppose 0 = -4*k + 4*f + 33576, -k + 45*f = 47*f - 8397. What is the thousands digit of k?
8
Let p be ((-256)/(-12))/8 - (-2)/6. Suppose -5*d + p*f = -1302, 3*d - 21*f = -17*f + 790. What is the units digit of d?
8
Let z be ((-5)/(-25)*-5)/(2/6). Let m = z + 113. What is the hundreds digit of m?
1
Let k = 19 + -9. Let d be ((-11)/(-176)*116)/(1/40). What is the units digit of d/20*(k - -2)?
4
Suppose 34 = -5*v + 79. Let f be ((-42)/v)/(-2)*(-6 - 12). What is the units digit of (f/10)/(27/(-90))?
4
Let q(d) = d**3 - 18*d**2 - 5*d + 98. Let a(n) = 21*n**2 + 5*n + 2. Let c be a(-1). What is the units digit of q(c)?
8
Let a(d) = -12*d - 16. Let j be a(-3). Let f be -31*(j/(-12) - -2)*27. What is the units digit of (f/(-6))/(6/12)?
3
Let s = 2061 + -994. Let b = s + -670. What is the tens digit of b?
9
Suppose 0 = -2*r - 76 + 104. What is the units digit of (-453)/(-2)*(-7)/(r/(-4))?
3
Let b(g) = -3*g + 36. Let o be b(11). Suppose o*u = u - 2*d + 922, 6 = 3*d. What is the units digit of u?
9
Suppose -5*p = -2*p - 3. Let q(s) = -p - 6*s + 1. What is the units digit of q(-12)?
2
Let p(f) = 1 - 4 + 65*f + 50. What is the hundreds digit of p(7)?
5
Let b(c) = -c**3 + 9*c**2 - 14*c - 22. Let y be b(6). Suppose 4*w + 2513 = 5*j, -5